{"id":7737,"date":"2016-11-14T18:55:26","date_gmt":"2016-11-14T16:55:26","guid":{"rendered":"https:\/\/blog.olimar.de\/?page_id=7737"},"modified":"2023-03-13T12:56:25","modified_gmt":"2023-03-13T11:56:25","slug":"sonnenseiten-printausgaben","status":"publish","type":"page","link":"https:\/\/blog.olimar.de\/sonnenseiten-printausgaben\/","title":{"rendered":"Sonnenseiten Printausgaben"},"content":{"rendered":"<p>Bl\u00e4ttern Sie hier in allen bisher erschienenen Sonnenseiten Printausgaben! Mit einem Klick auf das Titelbild \u00f6ffnet sich die jeweilige Magazin-Ausgabe in einem neuen Fenster.<\/p>\n<p>Die jeweils aktuelle Sonnenseiten Printausgabe k\u00f6nnen Sie <a href=\"https:\/\/www.olimar.de\/kataloge\/\" target=\"_blank\" rel=\"noopener\">hier<\/a> gratis per Post bestellen.<\/p>\n<p><a href=\"https:\/\/www.olimar.de\/kataloge\/\" target=\"_blank\" rel=\"noopener\"><img loading=\"lazy\" decoding=\"async\" class=\"alignleft wp-image-8310 size-full\" src=\"https:\/\/blog.olimar.de\/wp-content\/uploads\/2016\/11\/Sonnenseiten_Ausgabe5_200x267.jpg\" alt=\"Sonnenseiten Ausgabe 5\" width=\"200\" height=\"267\" \/><\/a><\/p>\n<h3><\/h3>\n<h3><strong>Ausgabe 2017<br \/>\n<\/strong><\/h3>\n<p style=\"text-align: left;\"><strong>Themen unter anderem:<\/strong><\/p>\n<p>\u00bb Top-Thema: Aktivurlaub auf Porto Santo<\/p>\n<p>\u00bb Ein Tag in &#8230; Zagreb<\/p>\n<p>\u00bb Restaurant-Tipps an der Algarve<\/p>\n<p>\u00bb Italien: Wiederentdeckte Adria<\/p>\n<hr \/>\n<p><a href=\"https:\/\/www.olimar.de\/kataloge\/\" target=\"_blank\" rel=\"noopener\"><img loading=\"lazy\" decoding=\"async\" class=\"alignleft wp-image-7739 size-medium\" src=\"https:\/\/blog.olimar.de\/wp-content\/uploads\/2016\/11\/OLIMAR_Sonnenseiten_Ausgabe04-213x300.jpg\" alt=\"olimar_sonnenseiten_ausgabe04\" width=\"213\" height=\"300\" srcset=\"https:\/\/blog.olimar.de\/wp-content\/uploads\/2016\/11\/OLIMAR_Sonnenseiten_Ausgabe04-213x300.jpg 213w, https:\/\/blog.olimar.de\/wp-content\/uploads\/2016\/11\/OLIMAR_Sonnenseiten_Ausgabe04-768x1084.jpg 768w, https:\/\/blog.olimar.de\/wp-content\/uploads\/2016\/11\/OLIMAR_Sonnenseiten_Ausgabe04-726x1024.jpg 726w, https:\/\/blog.olimar.de\/wp-content\/uploads\/2016\/11\/OLIMAR_Sonnenseiten_Ausgabe04.jpg 1004w\" sizes=\"auto, (max-width: 213px) 100vw, 213px\" \/><\/a><\/p>\n<h3><\/h3>\n<h3><strong>Ausgabe September 2016 bis Februar 2017<\/strong><\/h3>\n<p style=\"text-align: left;\"><strong>Themen unter anderem:<\/strong><\/p>\n<p>\u00bb Top-Thema: Wellness-Hotels in S\u00fcdeuropa<\/p>\n<p>\u00bb Funchal &#8211; Zu Fu\u00df durch die Inselhauptstadt Madeiras<\/p>\n<p>\u00bb Wandern an der Algarve &#8211; Die besten Touren<\/p>\n<p>\u00bb \u00c9vora &#8211; K\u00fcche, Kirchen und Kl\u00f6ster<\/p>\n<hr \/>\n<p><a href=\"https:\/\/www.olimar.de\/kataloge\/\" target=\"_blank\" rel=\"noopener\"><img loading=\"lazy\" decoding=\"async\" class=\"alignleft wp-image-7740 size-medium\" src=\"https:\/\/blog.olimar.de\/wp-content\/uploads\/2016\/11\/OLIMAR_Sonnenseiten_Ausgabe03_170x240_Titelseite-Web-212x300.jpg\" alt=\"olimar_sonnenseiten_ausgabe03_170x240_titelseite-web\" width=\"212\" height=\"300\" srcset=\"https:\/\/blog.olimar.de\/wp-content\/uploads\/2016\/11\/OLIMAR_Sonnenseiten_Ausgabe03_170x240_Titelseite-Web-212x300.jpg 212w, https:\/\/blog.olimar.de\/wp-content\/uploads\/2016\/11\/OLIMAR_Sonnenseiten_Ausgabe03_170x240_Titelseite-Web-768x1085.jpg 768w, https:\/\/blog.olimar.de\/wp-content\/uploads\/2016\/11\/OLIMAR_Sonnenseiten_Ausgabe03_170x240_Titelseite-Web-725x1024.jpg 725w, https:\/\/blog.olimar.de\/wp-content\/uploads\/2016\/11\/OLIMAR_Sonnenseiten_Ausgabe03_170x240_Titelseite-Web.jpg 803w\" sizes=\"auto, (max-width: 212px) 100vw, 212px\" \/><\/a><\/p>\n<h3><strong>Ausgabe M\u00e4rz bis August 2016<\/strong><\/h3>\n<p><strong>Themen unter anderem:<\/strong><\/p>\n<p>\u00bb Top-Thema: Aktivurlaub an der Algarve<\/p>\n<p>\u00bb Andalusien: Tradition und Leidenschaft im Hinterland von M\u00e1laga<\/p>\n<p>\u00bb Wellness auf Madeira &#8211; Spa-Trends im Hotel<\/p>\n<p>\u00bb Baskenland: Wo Sternek\u00f6che zuhause sind<\/p>\n<hr \/>\n<p><a href=\"https:\/\/www.olimar.de\/kataloge\/\" target=\"_blank\" rel=\"noopener\"><img loading=\"lazy\" decoding=\"async\" class=\"alignleft wp-image-7746 size-medium\" src=\"https:\/\/blog.olimar.de\/wp-content\/uploads\/2016\/11\/OLIMAR_Sonnenseiten_Ausgabe02_Titelseite-213x300.jpg\" alt=\"olimar_sonnenseiten_ausgabe02_titelseite\" width=\"213\" height=\"300\" srcset=\"https:\/\/blog.olimar.de\/wp-content\/uploads\/2016\/11\/OLIMAR_Sonnenseiten_Ausgabe02_Titelseite-213x300.jpg 213w, https:\/\/blog.olimar.de\/wp-content\/uploads\/2016\/11\/OLIMAR_Sonnenseiten_Ausgabe02_Titelseite-768x1084.jpg 768w, https:\/\/blog.olimar.de\/wp-content\/uploads\/2016\/11\/OLIMAR_Sonnenseiten_Ausgabe02_Titelseite-726x1024.jpg 726w, https:\/\/blog.olimar.de\/wp-content\/uploads\/2016\/11\/OLIMAR_Sonnenseiten_Ausgabe02_Titelseite.jpg 1004w\" sizes=\"auto, (max-width: 213px) 100vw, 213px\" \/><\/a><\/p>\n<h3><strong>Ausgabe September 2015 bis Februar 2016<\/strong><\/h3>\n<p><strong>Themen unter anderem:<\/strong><\/p>\n<p>\u00bb Top-Thema: Kanaren &#8211; Die besten Tipps f\u00fcr den Winter in der Sonne<\/p>\n<p>\u00bb Dubrovnik: Unterwegs in der gl\u00e4nzenden Adria-Stadt<\/p>\n<p>\u00bb Golfen in Apulien &#8211; Golf und Kultur in der wei\u00dfen Trulli-Region<\/p>\n<p>\u00bb Als Tourist in Portugal. Eigenheiten der Portugiesen verstehen<\/p>\n<hr \/>\n<p><a href=\"https:\/\/www.olimar.de\/kataloge\/\" target=\"_blank\" rel=\"noopener\"><img loading=\"lazy\" decoding=\"async\" class=\"alignleft wp-image-7745 size-medium\" src=\"https:\/\/blog.olimar.de\/wp-content\/uploads\/2016\/11\/Titel_661x929-213x300.jpg\" alt=\"titel_661x929\" width=\"213\" height=\"300\" srcset=\"https:\/\/blog.olimar.de\/wp-content\/uploads\/2016\/11\/Titel_661x929-213x300.jpg 213w, https:\/\/blog.olimar.de\/wp-content\/uploads\/2016\/11\/Titel_661x929.jpg 653w\" sizes=\"auto, (max-width: 213px) 100vw, 213px\" \/><\/a><\/p>\n<h3><strong>Ausgabe M\u00e4rz bis August 2015<\/strong><\/h3>\n<p><strong>Themen unter anderem:<\/strong><\/p>\n<p>\u00bb Top-Thema: Madeira &amp; Porto Santo &#8211; Wo Kolumbus seine Heimat fand<\/p>\n<p>\u00bb S\u00fcdtirol &#8211; Zwischen mediterranem Flair und alpiner Bergwelt<\/p>\n<p>\u00bb Alentejo: Zum Genie\u00dfen und Entschleunigen<\/p>\n<p>\u00bb K\u00fcnstler auf den Kapverden<\/p>\n<hr \/>\n","protected":false},"excerpt":{"rendered":"<p>Bl\u00e4ttern Sie hier in allen bisher erschienenen Sonnenseiten Printausgaben! Mit einem Klick auf das Titelbild \u00f6ffnet sich die jeweilige Magazin-Ausgabe in einem neuen Fenster. Die jeweils aktuelle Sonnenseiten Printausgabe k\u00f6nnen Sie hier gratis per Post bestellen. Ausgabe 2017 Themen unter anderem: \u00bb Top-Thema: Aktivurlaub auf Porto Santo \u00bb Ein Tag in &#8230; Zagreb \u00bb Restaurant-Tipps an der Algarve \u00bb Italien: Wiederentdeckte Adria Ausgabe September 2016 bis Februar 2017 Themen unter anderem: \u00bb Top-Thema: Wellness-Hotels in S\u00fcdeuropa \u00bb Funchal &#8211; Zu Fu\u00df durch die Inselhauptstadt Madeiras \u00bb Wandern an der Algarve &#8211; Die besten Touren \u00bb \u00c9vora &#8211; K\u00fcche, Kirchen und Kl\u00f6ster &hellip;<\/p>\n","protected":false},"author":1,"featured_media":0,"parent":0,"menu_order":0,"comment_status":"closed","ping_status":"closed","template":"","meta":{"_crdt_document":"","_lmt_disableupdate":"","_lmt_disable":"","footnotes":""},"class_list":["post-7737","page","type-page","status-publish","hentry"],"yoast_head":"<!-- This site is optimized with the Yoast SEO plugin v26.9 - https:\/\/yoast.com\/product\/yoast-seo-wordpress\/ -->\n<title>Sonnenseiten \u2600 Olimar Reisekataloge Printausgaben<\/title>\n<meta name=\"description\" content=\"Schauen Sie sich hier die OLIMAR Reiskataloge in der Printausgabe an \u2600 Ihr n\u00e4chster Urlaub wartet schon auf Sie \u2708\" \/>\n<meta name=\"robots\" content=\"index, follow, max-snippet:-1, max-image-preview:large, max-video-preview:-1\" \/>\n<link rel=\"canonical\" href=\"https:\/\/blog.olimar.de\/sonnenseiten-printausgaben\/\" \/>\n<meta property=\"og:locale\" content=\"de_DE\" \/>\n<meta property=\"og:type\" content=\"article\" \/>\n<meta property=\"og:title\" content=\"Sonnenseiten \u2600 Olimar Reisekataloge Printausgaben\" \/>\n<meta property=\"og:description\" content=\"Schauen Sie sich hier die OLIMAR Reiskataloge in der Printausgabe an \u2600 Ihr n\u00e4chster Urlaub wartet schon auf Sie \u2708\" \/>\n<meta property=\"og:url\" content=\"https:\/\/blog.olimar.de\/sonnenseiten-printausgaben\/\" \/>\n<meta property=\"article:publisher\" content=\"https:\/\/www.facebook.com\/OlimarReisen\" \/>\n<meta property=\"article:modified_time\" content=\"2023-03-13T11:56:25+00:00\" \/>\n<meta property=\"og:image\" content=\"https:\/\/blog.olimar.de\/wp-content\/uploads\/2016\/11\/Sonnenseiten_Ausgabe5_200x267.jpg\" \/>\n<meta name=\"twitter:label1\" content=\"Gesch\u00e4tzte Lesezeit\" \/>\n\t<meta name=\"twitter:data1\" content=\"3\u00a0Minuten\" \/>\n<script type=\"application\/ld+json\" class=\"yoast-schema-graph\">{\"@context\":\"https:\/\/schema.org\",\"@graph\":[{\"@type\":\"WebPage\",\"@id\":\"https:\/\/blog.olimar.de\/sonnenseiten-printausgaben\/\",\"url\":\"https:\/\/blog.olimar.de\/sonnenseiten-printausgaben\/\",\"name\":\"Sonnenseiten \u2600 Olimar Reisekataloge Printausgaben\",\"isPartOf\":{\"@id\":\"https:\/\/blog.olimar.de\/#website\"},\"primaryImageOfPage\":{\"@id\":\"https:\/\/blog.olimar.de\/sonnenseiten-printausgaben\/#primaryimage\"},\"image\":{\"@id\":\"https:\/\/blog.olimar.de\/sonnenseiten-printausgaben\/#primaryimage\"},\"thumbnailUrl\":\"https:\/\/blog.olimar.de\/wp-content\/uploads\/2016\/11\/Sonnenseiten_Ausgabe5_200x267.jpg\",\"datePublished\":\"2016-11-14T16:55:26+00:00\",\"dateModified\":\"2023-03-13T11:56:25+00:00\",\"description\":\"Schauen Sie sich hier die OLIMAR Reiskataloge in der Printausgabe an \u2600 Ihr n\u00e4chster Urlaub wartet schon auf Sie \u2708\",\"breadcrumb\":{\"@id\":\"https:\/\/blog.olimar.de\/sonnenseiten-printausgaben\/#breadcrumb\"},\"inLanguage\":\"de\",\"potentialAction\":[{\"@type\":\"ReadAction\",\"target\":[\"https:\/\/blog.olimar.de\/sonnenseiten-printausgaben\/\"]}]},{\"@type\":\"ImageObject\",\"inLanguage\":\"de\",\"@id\":\"https:\/\/blog.olimar.de\/sonnenseiten-printausgaben\/#primaryimage\",\"url\":\"https:\/\/blog.olimar.de\/wp-content\/uploads\/2016\/11\/Sonnenseiten_Ausgabe5_200x267.jpg\",\"contentUrl\":\"https:\/\/blog.olimar.de\/wp-content\/uploads\/2016\/11\/Sonnenseiten_Ausgabe5_200x267.jpg\",\"width\":200,\"height\":267,\"caption\":\"Sonnenseiten Ausgabe 5\"},{\"@type\":\"BreadcrumbList\",\"@id\":\"https:\/\/blog.olimar.de\/sonnenseiten-printausgaben\/#breadcrumb\",\"itemListElement\":[{\"@type\":\"ListItem\",\"position\":1,\"name\":\"Home\",\"item\":\"https:\/\/blog.olimar.de\/\"},{\"@type\":\"ListItem\",\"position\":2,\"name\":\"Sonnenseiten Printausgaben\"}]},{\"@type\":\"WebSite\",\"@id\":\"https:\/\/blog.olimar.de\/#website\",\"url\":\"https:\/\/blog.olimar.de\/\",\"name\":\"OLIMAR.com\",\"description\":\"\",\"publisher\":{\"@id\":\"https:\/\/blog.olimar.de\/#organization\"},\"potentialAction\":[{\"@type\":\"SearchAction\",\"target\":{\"@type\":\"EntryPoint\",\"urlTemplate\":\"https:\/\/blog.olimar.de\/?s={search_term_string}\"},\"query-input\":{\"@type\":\"PropertyValueSpecification\",\"valueRequired\":true,\"valueName\":\"search_term_string\"}}],\"inLanguage\":\"de\"},{\"@type\":\"Organization\",\"@id\":\"https:\/\/blog.olimar.de\/#organization\",\"name\":\"OLIMAR Reisen\",\"url\":\"https:\/\/blog.olimar.de\/\",\"logo\":{\"@type\":\"ImageObject\",\"inLanguage\":\"de\",\"@id\":\"https:\/\/blog.olimar.de\/#\/schema\/logo\/image\/\",\"url\":\"https:\/\/blog.olimar.de\/wp-content\/uploads\/2021\/01\/OLIMAR_Logo_COLOR.png\",\"contentUrl\":\"https:\/\/blog.olimar.de\/wp-content\/uploads\/2021\/01\/OLIMAR_Logo_COLOR.png\",\"width\":2000,\"height\":986,\"caption\":\"OLIMAR Reisen\"},\"image\":{\"@id\":\"https:\/\/blog.olimar.de\/#\/schema\/logo\/image\/\"},\"sameAs\":[\"https:\/\/www.facebook.com\/OlimarReisen\",\"https:\/\/x.com\/olimarrreisen\",\"https:\/\/www.instagram.com\/olimarreisen\",\"https:\/\/www.youtube.com\/user\/olimarreisen\"]}]}<\/script>\n<!-- \/ Yoast SEO plugin. -->","yoast_head_json":{"title":"Sonnenseiten \u2600 Olimar Reisekataloge Printausgaben","description":"Schauen Sie sich hier die OLIMAR Reiskataloge in der Printausgabe an \u2600 Ihr n\u00e4chster Urlaub wartet schon auf Sie \u2708","robots":{"index":"index","follow":"follow","max-snippet":"max-snippet:-1","max-image-preview":"max-image-preview:large","max-video-preview":"max-video-preview:-1"},"canonical":"https:\/\/blog.olimar.de\/sonnenseiten-printausgaben\/","og_locale":"de_DE","og_type":"article","og_title":"Sonnenseiten \u2600 Olimar Reisekataloge Printausgaben","og_description":"Schauen Sie sich hier die OLIMAR Reiskataloge in der Printausgabe an \u2600 Ihr n\u00e4chster Urlaub wartet schon auf Sie \u2708","og_url":"https:\/\/blog.olimar.de\/sonnenseiten-printausgaben\/","article_publisher":"https:\/\/www.facebook.com\/OlimarReisen","article_modified_time":"2023-03-13T11:56:25+00:00","og_image":[{"url":"https:\/\/blog.olimar.de\/wp-content\/uploads\/2016\/11\/Sonnenseiten_Ausgabe5_200x267.jpg","type":"","width":"","height":""}],"twitter_misc":{"Gesch\u00e4tzte Lesezeit":"3\u00a0Minuten"},"schema":{"@context":"https:\/\/schema.org","@graph":[{"@type":"WebPage","@id":"https:\/\/blog.olimar.de\/sonnenseiten-printausgaben\/","url":"https:\/\/blog.olimar.de\/sonnenseiten-printausgaben\/","name":"Sonnenseiten \u2600 Olimar Reisekataloge Printausgaben","isPartOf":{"@id":"https:\/\/blog.olimar.de\/#website"},"primaryImageOfPage":{"@id":"https:\/\/blog.olimar.de\/sonnenseiten-printausgaben\/#primaryimage"},"image":{"@id":"https:\/\/blog.olimar.de\/sonnenseiten-printausgaben\/#primaryimage"},"thumbnailUrl":"https:\/\/blog.olimar.de\/wp-content\/uploads\/2016\/11\/Sonnenseiten_Ausgabe5_200x267.jpg","datePublished":"2016-11-14T16:55:26+00:00","dateModified":"2023-03-13T11:56:25+00:00","description":"Schauen Sie sich hier die OLIMAR Reiskataloge in der Printausgabe an \u2600 Ihr n\u00e4chster Urlaub wartet schon auf Sie \u2708","breadcrumb":{"@id":"https:\/\/blog.olimar.de\/sonnenseiten-printausgaben\/#breadcrumb"},"inLanguage":"de","potentialAction":[{"@type":"ReadAction","target":["https:\/\/blog.olimar.de\/sonnenseiten-printausgaben\/"]}]},{"@type":"ImageObject","inLanguage":"de","@id":"https:\/\/blog.olimar.de\/sonnenseiten-printausgaben\/#primaryimage","url":"https:\/\/blog.olimar.de\/wp-content\/uploads\/2016\/11\/Sonnenseiten_Ausgabe5_200x267.jpg","contentUrl":"https:\/\/blog.olimar.de\/wp-content\/uploads\/2016\/11\/Sonnenseiten_Ausgabe5_200x267.jpg","width":200,"height":267,"caption":"Sonnenseiten Ausgabe 5"},{"@type":"BreadcrumbList","@id":"https:\/\/blog.olimar.de\/sonnenseiten-printausgaben\/#breadcrumb","itemListElement":[{"@type":"ListItem","position":1,"name":"Home","item":"https:\/\/blog.olimar.de\/"},{"@type":"ListItem","position":2,"name":"Sonnenseiten Printausgaben"}]},{"@type":"WebSite","@id":"https:\/\/blog.olimar.de\/#website","url":"https:\/\/blog.olimar.de\/","name":"OLIMAR.com","description":"","publisher":{"@id":"https:\/\/blog.olimar.de\/#organization"},"potentialAction":[{"@type":"SearchAction","target":{"@type":"EntryPoint","urlTemplate":"https:\/\/blog.olimar.de\/?s={search_term_string}"},"query-input":{"@type":"PropertyValueSpecification","valueRequired":true,"valueName":"search_term_string"}}],"inLanguage":"de"},{"@type":"Organization","@id":"https:\/\/blog.olimar.de\/#organization","name":"OLIMAR Reisen","url":"https:\/\/blog.olimar.de\/","logo":{"@type":"ImageObject","inLanguage":"de","@id":"https:\/\/blog.olimar.de\/#\/schema\/logo\/image\/","url":"https:\/\/blog.olimar.de\/wp-content\/uploads\/2021\/01\/OLIMAR_Logo_COLOR.png","contentUrl":"https:\/\/blog.olimar.de\/wp-content\/uploads\/2021\/01\/OLIMAR_Logo_COLOR.png","width":2000,"height":986,"caption":"OLIMAR Reisen"},"image":{"@id":"https:\/\/blog.olimar.de\/#\/schema\/logo\/image\/"},"sameAs":["https:\/\/www.facebook.com\/OlimarReisen","https:\/\/x.com\/olimarrreisen","https:\/\/www.instagram.com\/olimarreisen","https:\/\/www.youtube.com\/user\/olimarreisen"]}]}},"_links":{"self":[{"href":"https:\/\/blog.olimar.de\/wp-json\/wp\/v2\/pages\/7737","targetHints":{"allow":["GET"]}}],"collection":[{"href":"https:\/\/blog.olimar.de\/wp-json\/wp\/v2\/pages"}],"about":[{"href":"https:\/\/blog.olimar.de\/wp-json\/wp\/v2\/types\/page"}],"author":[{"embeddable":true,"href":"https:\/\/blog.olimar.de\/wp-json\/wp\/v2\/users\/1"}],"replies":[{"embeddable":true,"href":"https:\/\/blog.olimar.de\/wp-json\/wp\/v2\/comments?post=7737"}],"version-history":[{"count":54,"href":"https:\/\/blog.olimar.de\/wp-json\/wp\/v2\/pages\/7737\/revisions"}],"predecessor-version":[{"id":24912,"href":"https:\/\/blog.olimar.de\/wp-json\/wp\/v2\/pages\/7737\/revisions\/24912"}],"wp:attachment":[{"href":"https:\/\/blog.olimar.de\/wp-json\/wp\/v2\/media?parent=7737"}],"curies":[{"name":"wp","href":"https:\/\/api.w.org\/{rel}","templated":true}]}}